{"id":5623,"date":"2025-11-24T11:34:08","date_gmt":"2025-11-24T10:34:08","guid":{"rendered":"https:\/\/24heuresdepeynier.com\/?page_id=5623"},"modified":"2025-11-24T11:45:11","modified_gmt":"2025-11-24T10:45:11","slug":"course-des-minots-les-24-minutes-de-peynier","status":"publish","type":"page","link":"https:\/\/24heuresdepeynier.com\/index.php\/course-des-minots-les-24-minutes-de-peynier\/","title":{"rendered":"Course des minots: Les 24 Minutes de Peynier"},"content":{"rendered":"\t\t<div data-elementor-type=\"wp-page\" data-elementor-id=\"5623\" class=\"elementor elementor-5623\" data-elementor-post-type=\"page\">\n\t\t\t\t\t\t<section class=\"elementor-section elementor-top-section elementor-element elementor-element-ab3ec5d elementor-section-boxed elementor-section-height-default elementor-section-height-default\" data-id=\"ab3ec5d\" data-element_type=\"section\">\n\t\t\t\t\t\t<div class=\"elementor-container elementor-column-gap-default\">\n\t\t\t\t\t<div class=\"elementor-column elementor-col-100 elementor-top-column elementor-element elementor-element-d516a45\" data-id=\"d516a45\" data-element_type=\"column\">\n\t\t\t<div class=\"elementor-widget-wrap elementor-element-populated\">\n\t\t\t\t\t\t<div class=\"elementor-element elementor-element-ec92ed2 elementor-widget elementor-widget-text-editor\" data-id=\"ec92ed2\" data-element_type=\"widget\" data-widget_type=\"text-editor.default\">\n\t\t\t\t<div class=\"elementor-widget-container\">\n\t\t\t\t\t\t\t\t\t<h1>La course des Minots, les 24 Minutes de Peynier<\/h1>\t\t\t\t\t\t\t\t<\/div>\n\t\t\t\t<\/div>\n\t\t\t\t\t<\/div>\n\t\t<\/div>\n\t\t\t\t\t<\/div>\n\t\t<\/section>\n\t\t\t\t<section class=\"elementor-section elementor-top-section elementor-element elementor-element-41f1ff4 elementor-section-boxed elementor-section-height-default elementor-section-height-default\" data-id=\"41f1ff4\" data-element_type=\"section\">\n\t\t\t\t\t\t<div class=\"elementor-container elementor-column-gap-default\">\n\t\t\t\t\t<div class=\"elementor-column elementor-col-33 elementor-top-column elementor-element elementor-element-f8c4057\" data-id=\"f8c4057\" data-element_type=\"column\">\n\t\t\t<div class=\"elementor-widget-wrap elementor-element-populated\">\n\t\t\t\t\t\t<div class=\"elementor-element elementor-element-3b8d5a6 elementor-widget elementor-widget-image\" data-id=\"3b8d5a6\" data-element_type=\"widget\" data-widget_type=\"image.default\">\n\t\t\t\t<div class=\"elementor-widget-container\">\n\t\t\t\t\t\t\t\t\t\t\t\t\t\t\t<img fetchpriority=\"high\" decoding=\"async\" width=\"1024\" height=\"768\" src=\"https:\/\/24heuresdepeynier.com\/wp-content\/uploads\/2024\/11\/IMG_2435-1024x768.jpeg\" class=\"attachment-large size-large wp-image-4074\" alt=\"\" srcset=\"https:\/\/24heuresdepeynier.com\/wp-content\/uploads\/2024\/11\/IMG_2435-1024x768.jpeg 1024w, https:\/\/24heuresdepeynier.com\/wp-content\/uploads\/2024\/11\/IMG_2435-300x225.jpeg 300w, https:\/\/24heuresdepeynier.com\/wp-content\/uploads\/2024\/11\/IMG_2435-768x576.jpeg 768w, https:\/\/24heuresdepeynier.com\/wp-content\/uploads\/2024\/11\/IMG_2435-1536x1152.jpeg 1536w, https:\/\/24heuresdepeynier.com\/wp-content\/uploads\/2024\/11\/IMG_2435-2048x1536.jpeg 2048w\" sizes=\"(max-width: 1024px) 100vw, 1024px\" \/>\t\t\t\t\t\t\t\t\t\t\t\t\t\t\t<\/div>\n\t\t\t\t<\/div>\n\t\t\t\t\t<\/div>\n\t\t<\/div>\n\t\t\t\t<div class=\"elementor-column elementor-col-66 elementor-top-column elementor-element elementor-element-ac1cd4a\" data-id=\"ac1cd4a\" data-element_type=\"column\">\n\t\t\t<div class=\"elementor-widget-wrap elementor-element-populated\">\n\t\t\t\t\t\t<div class=\"elementor-element elementor-element-5f08a03 elementor-widget elementor-widget-text-editor\" data-id=\"5f08a03\" data-element_type=\"widget\" data-widget_type=\"text-editor.default\">\n\t\t\t\t<div class=\"elementor-widget-container\">\n\t\t\t\t\t\t\t\t\t<p data-start=\"146\" data-end=\"346\">Le dimanche 24 mai \u00e0 10h, l\u2019association <em data-start=\"186\" data-end=\"233\">Familles, Amis pour la D\u00e9couverte d\u2019Activit\u00e9s<\/em> invite les plus jeunes \u00e0 participer aux 24 Minutes de Peynier, une course nature pens\u00e9e sp\u00e9cialement pour eux sur le m\u00eame parcours que les grands.<\/p>\n<p data-start=\"348\" data-end=\"645\">L\u2019\u00e9v\u00e9nement est propos\u00e9 \u00e0 don libre et l\u2019int\u00e9gralit\u00e9 des contributions sera revers\u00e9e \u00e0 nos partenaires caritatifs ASF Ondine et Les P\u2019tits Doudous. Les enfants courront sur la m\u00eame boucle que celle emprunt\u00e9e par les participants des 24 Heures de Peynier, pour une immersion au c\u0153ur de l\u2019\u00e9v\u00e9nement.<\/p>\n<p>La course est ouverte a tous les enfants a partir de 7 ans et Les distances sont adapt\u00e9es en fonction de l\u2019\u00e2ge, conform\u00e9ment aux recommandations de la F\u00e9d\u00e9ration Fran\u00e7aise d\u2019Athl\u00e9tisme :<\/p>\n<ul>\n<li>800 m\u00e8tres pour les enfants n\u00e9s entre 2017 et 2019<\/li>\n<li>1600 m\u00e8tres pour les enfants n\u00e9s entre 2015 et 2016<\/li>\n<li>2400 m\u00e8tres pour les enfants n\u00e9s entre 2011 et 2014<\/li>\n<\/ul>\n<p>Les inscriptions se feront directement sur place, avant le d\u00e9part.<br data-start=\"1006\" data-end=\"1009\">Cette course n\u2019est pas chronom\u00e9tr\u00e9e : l\u2019objectif est de d\u00e9couvrir, de s\u2019amuser et de partager un moment sportif en toute simplicit\u00e9. Chaque participant recevra une petite r\u00e9compense \u00e0 l\u2019arriv\u00e9e.<\/p>\n<p><\/p>\n<p data-start=\"1205\" data-end=\"1314\" data-is-last-node=\"\" data-is-only-node=\"\">Une belle occasion de faire d\u00e9couvrir la course nature aux enfants dans une ambiance conviviale et solidaire.<\/p>\t\t\t\t\t\t\t\t<\/div>\n\t\t\t\t<\/div>\n\t\t\t\t\t<\/div>\n\t\t<\/div>\n\t\t\t\t\t<\/div>\n\t\t<\/section>\n\t\t\t\t<\/div>\n\t\t","protected":false},"excerpt":{"rendered":"<p>La course des Minots, les 24 Minutes de Peynier Le dimanche 24 mai \u00e0 10h, l\u2019association Familles, Amis pour la D\u00e9couverte d\u2019Activit\u00e9s invite les plus jeunes \u00e0 participer aux 24 Minutes de Peynier, une course nature pens\u00e9e sp\u00e9cialement pour eux sur le m\u00eame parcours que les grands. L\u2019\u00e9v\u00e9nement est propos\u00e9 \u00e0 don libre et l\u2019int\u00e9gralit\u00e9 [&hellip;]<\/p>\n","protected":false},"author":5,"featured_media":0,"parent":0,"menu_order":0,"comment_status":"closed","ping_status":"closed","template":"","meta":{"site-sidebar-layout":"no-sidebar","site-content-layout":"page-builder","ast-site-content-layout":"full-width-container","site-content-style":"default","site-sidebar-style":"default","ast-global-header-display":"","ast-banner-title-visibility":"","ast-main-header-display":"","ast-hfb-above-header-display":"","ast-hfb-below-header-display":"","ast-hfb-mobile-header-display":"","site-post-title":"","ast-breadcrumbs-content":"","ast-featured-img":"disabled","footer-sml-layout":"","theme-transparent-header-meta":"","adv-header-id-meta":"","stick-header-meta":"","header-above-stick-meta":"","header-main-stick-meta":"","header-below-stick-meta":"","astra-migrate-meta-layouts":"set","ast-page-background-enabled":"default","ast-page-background-meta":{"desktop":{"background-color":"var(--ast-global-color-4)","background-image":"","background-repeat":"repeat","background-position":"center center","background-size":"auto","background-attachment":"scroll","background-type":"","background-media":"","overlay-type":"","overlay-color":"","overlay-opacity":"","overlay-gradient":""},"tablet":{"background-color":"","background-image":"","background-repeat":"repeat","background-position":"center center","background-size":"auto","background-attachment":"scroll","background-type":"","background-media":"","overlay-type":"","overlay-color":"","overlay-opacity":"","overlay-gradient":""},"mobile":{"background-color":"","background-image":"","background-repeat":"repeat","background-position":"center center","background-size":"auto","background-attachment":"scroll","background-type":"","background-media":"","overlay-type":"","overlay-color":"","overlay-opacity":"","overlay-gradient":""}},"ast-content-background-meta":{"desktop":{"background-color":"var(--ast-global-color-5)","background-image":"","background-repeat":"repeat","background-position":"center center","background-size":"auto","background-attachment":"scroll","background-type":"","background-media":"","overlay-type":"","overlay-color":"","overlay-opacity":"","overlay-gradient":""},"tablet":{"background-color":"var(--ast-global-color-5)","background-image":"","background-repeat":"repeat","background-position":"center center","background-size":"auto","background-attachment":"scroll","background-type":"","background-media":"","overlay-type":"","overlay-color":"","overlay-opacity":"","overlay-gradient":""},"mobile":{"background-color":"var(--ast-global-color-5)","background-image":"","background-repeat":"repeat","background-position":"center center","background-size":"auto","background-attachment":"scroll","background-type":"","background-media":"","overlay-type":"","overlay-color":"","overlay-opacity":"","overlay-gradient":""}},"_themeisle_gutenberg_block_has_review":false,"footnotes":""},"class_list":["post-5623","page","type-page","status-publish","hentry"],"yoast_head":"<!-- This site is optimized with the Yoast SEO plugin v26.4 - https:\/\/yoast.com\/wordpress\/plugins\/seo\/ -->\n<title>Course des minots: Les 24 Minutes de Peynier - 24 Heures de Peynier<\/title>\n<meta name=\"description\" content=\"6h et Marathon du Pays d\u2019AixSon parcours nature atypique, son ravitaillement et son pointage r\u00e9alis\u00e9 par des b\u00e9n\u00e9voles (et leurs encouragements) en font une aventure \u00e0 part.....\" \/>\n<meta name=\"robots\" content=\"index, follow, max-snippet:-1, max-image-preview:large, max-video-preview:-1\" \/>\n<link rel=\"canonical\" href=\"https:\/\/24heuresdepeynier.com\/index.php\/course-des-minots-les-24-minutes-de-peynier\/\" \/>\n<meta property=\"og:locale\" content=\"fr_FR\" \/>\n<meta property=\"og:type\" content=\"article\" \/>\n<meta property=\"og:title\" content=\"Course des minots: Les 24 Minutes de Peynier - 24 Heures de Peynier\" \/>\n<meta property=\"og:description\" content=\"6h et Marathon du Pays d\u2019AixSon parcours nature atypique, son ravitaillement et son pointage r\u00e9alis\u00e9 par des b\u00e9n\u00e9voles (et leurs encouragements) en font une aventure \u00e0 part.....\" \/>\n<meta property=\"og:url\" content=\"https:\/\/24heuresdepeynier.com\/index.php\/course-des-minots-les-24-minutes-de-peynier\/\" \/>\n<meta property=\"og:site_name\" content=\"24 Heures de Peynier\" \/>\n<meta property=\"article:publisher\" content=\"https:\/\/www.facebook.com\/24hpeynier\" \/>\n<meta property=\"article:modified_time\" content=\"2025-11-24T10:45:11+00:00\" \/>\n<meta property=\"og:image\" content=\"https:\/\/24heuresdepeynier.com\/wp-content\/uploads\/2024\/11\/IMG_2435-scaled.jpeg\" \/>\n\t<meta property=\"og:image:width\" content=\"2560\" \/>\n\t<meta property=\"og:image:height\" content=\"1920\" \/>\n\t<meta property=\"og:image:type\" content=\"image\/jpeg\" \/>\n<meta name=\"twitter:card\" content=\"summary_large_image\" \/>\n<meta name=\"twitter:label1\" content=\"Dur\u00e9e de lecture estim\u00e9e\" \/>\n\t<meta name=\"twitter:data1\" content=\"2 minutes\" \/>\n<script type=\"application\/ld+json\" class=\"yoast-schema-graph\">{\"@context\":\"https:\/\/schema.org\",\"@graph\":[{\"@type\":\"WebPage\",\"@id\":\"https:\/\/24heuresdepeynier.com\/index.php\/course-des-minots-les-24-minutes-de-peynier\/\",\"url\":\"https:\/\/24heuresdepeynier.com\/index.php\/course-des-minots-les-24-minutes-de-peynier\/\",\"name\":\"Course des minots: Les 24 Minutes de Peynier - 24 Heures de Peynier\",\"isPartOf\":{\"@id\":\"https:\/\/24heuresdepeynier.com\/#website\"},\"primaryImageOfPage\":{\"@id\":\"https:\/\/24heuresdepeynier.com\/index.php\/course-des-minots-les-24-minutes-de-peynier\/#primaryimage\"},\"image\":{\"@id\":\"https:\/\/24heuresdepeynier.com\/index.php\/course-des-minots-les-24-minutes-de-peynier\/#primaryimage\"},\"thumbnailUrl\":\"https:\/\/24heuresdepeynier.com\/wp-content\/uploads\/2024\/11\/IMG_2435-1024x768.jpeg\",\"datePublished\":\"2025-11-24T10:34:08+00:00\",\"dateModified\":\"2025-11-24T10:45:11+00:00\",\"description\":\"6h et Marathon du Pays d\u2019AixSon parcours nature atypique, son ravitaillement et son pointage r\u00e9alis\u00e9 par des b\u00e9n\u00e9voles (et leurs encouragements) en font une aventure \u00e0 part.....\",\"breadcrumb\":{\"@id\":\"https:\/\/24heuresdepeynier.com\/index.php\/course-des-minots-les-24-minutes-de-peynier\/#breadcrumb\"},\"inLanguage\":\"fr-FR\",\"potentialAction\":[{\"@type\":\"ReadAction\",\"target\":[\"https:\/\/24heuresdepeynier.com\/index.php\/course-des-minots-les-24-minutes-de-peynier\/\"]}]},{\"@type\":\"ImageObject\",\"inLanguage\":\"fr-FR\",\"@id\":\"https:\/\/24heuresdepeynier.com\/index.php\/course-des-minots-les-24-minutes-de-peynier\/#primaryimage\",\"url\":\"https:\/\/24heuresdepeynier.com\/wp-content\/uploads\/2024\/11\/IMG_2435-scaled.jpeg\",\"contentUrl\":\"https:\/\/24heuresdepeynier.com\/wp-content\/uploads\/2024\/11\/IMG_2435-scaled.jpeg\",\"width\":2560,\"height\":1920},{\"@type\":\"BreadcrumbList\",\"@id\":\"https:\/\/24heuresdepeynier.com\/index.php\/course-des-minots-les-24-minutes-de-peynier\/#breadcrumb\",\"itemListElement\":[{\"@type\":\"ListItem\",\"position\":1,\"name\":\"Accueil\",\"item\":\"https:\/\/24heuresdepeynier.com\/\"},{\"@type\":\"ListItem\",\"position\":2,\"name\":\"Course des minots: Les 24 Minutes de Peynier\"}]},{\"@type\":\"WebSite\",\"@id\":\"https:\/\/24heuresdepeynier.com\/#website\",\"url\":\"https:\/\/24heuresdepeynier.com\/\",\"name\":\"24 Heures de Peynier\",\"description\":\"Ti\u00e9 un fada, tu crains d\u00e9gun!\",\"publisher\":{\"@id\":\"https:\/\/24heuresdepeynier.com\/#organization\"},\"potentialAction\":[{\"@type\":\"SearchAction\",\"target\":{\"@type\":\"EntryPoint\",\"urlTemplate\":\"https:\/\/24heuresdepeynier.com\/?s={search_term_string}\"},\"query-input\":{\"@type\":\"PropertyValueSpecification\",\"valueRequired\":true,\"valueName\":\"search_term_string\"}}],\"inLanguage\":\"fr-FR\"},{\"@type\":\"Organization\",\"@id\":\"https:\/\/24heuresdepeynier.com\/#organization\",\"name\":\"Les Fada De Peynier\",\"url\":\"https:\/\/24heuresdepeynier.com\/\",\"logo\":{\"@type\":\"ImageObject\",\"inLanguage\":\"fr-FR\",\"@id\":\"https:\/\/24heuresdepeynier.com\/#\/schema\/logo\/image\/\",\"url\":\"https:\/\/24heuresdepeynier.com\/wp-content\/uploads\/2025\/11\/cropped-Mini_24HPeynier-1.png\",\"contentUrl\":\"https:\/\/24heuresdepeynier.com\/wp-content\/uploads\/2025\/11\/cropped-Mini_24HPeynier-1.png\",\"width\":512,\"height\":512,\"caption\":\"Les Fada De Peynier\"},\"image\":{\"@id\":\"https:\/\/24heuresdepeynier.com\/#\/schema\/logo\/image\/\"},\"sameAs\":[\"https:\/\/www.facebook.com\/24hpeynier\",\"https:\/\/www.instagram.com\/24h6hpeynier\"]}]}<\/script>\n<!-- \/ Yoast SEO plugin. -->","yoast_head_json":{"title":"Course des minots: Les 24 Minutes de Peynier - 24 Heures de Peynier","description":"6h et Marathon du Pays d\u2019AixSon parcours nature atypique, son ravitaillement et son pointage r\u00e9alis\u00e9 par des b\u00e9n\u00e9voles (et leurs encouragements) en font une aventure \u00e0 part.....","robots":{"index":"index","follow":"follow","max-snippet":"max-snippet:-1","max-image-preview":"max-image-preview:large","max-video-preview":"max-video-preview:-1"},"canonical":"https:\/\/24heuresdepeynier.com\/index.php\/course-des-minots-les-24-minutes-de-peynier\/","og_locale":"fr_FR","og_type":"article","og_title":"Course des minots: Les 24 Minutes de Peynier - 24 Heures de Peynier","og_description":"6h et Marathon du Pays d\u2019AixSon parcours nature atypique, son ravitaillement et son pointage r\u00e9alis\u00e9 par des b\u00e9n\u00e9voles (et leurs encouragements) en font une aventure \u00e0 part.....","og_url":"https:\/\/24heuresdepeynier.com\/index.php\/course-des-minots-les-24-minutes-de-peynier\/","og_site_name":"24 Heures de Peynier","article_publisher":"https:\/\/www.facebook.com\/24hpeynier","article_modified_time":"2025-11-24T10:45:11+00:00","og_image":[{"width":2560,"height":1920,"url":"https:\/\/24heuresdepeynier.com\/wp-content\/uploads\/2024\/11\/IMG_2435-scaled.jpeg","type":"image\/jpeg"}],"twitter_card":"summary_large_image","twitter_misc":{"Dur\u00e9e de lecture estim\u00e9e":"2 minutes"},"schema":{"@context":"https:\/\/schema.org","@graph":[{"@type":"WebPage","@id":"https:\/\/24heuresdepeynier.com\/index.php\/course-des-minots-les-24-minutes-de-peynier\/","url":"https:\/\/24heuresdepeynier.com\/index.php\/course-des-minots-les-24-minutes-de-peynier\/","name":"Course des minots: Les 24 Minutes de Peynier - 24 Heures de Peynier","isPartOf":{"@id":"https:\/\/24heuresdepeynier.com\/#website"},"primaryImageOfPage":{"@id":"https:\/\/24heuresdepeynier.com\/index.php\/course-des-minots-les-24-minutes-de-peynier\/#primaryimage"},"image":{"@id":"https:\/\/24heuresdepeynier.com\/index.php\/course-des-minots-les-24-minutes-de-peynier\/#primaryimage"},"thumbnailUrl":"https:\/\/24heuresdepeynier.com\/wp-content\/uploads\/2024\/11\/IMG_2435-1024x768.jpeg","datePublished":"2025-11-24T10:34:08+00:00","dateModified":"2025-11-24T10:45:11+00:00","description":"6h et Marathon du Pays d\u2019AixSon parcours nature atypique, son ravitaillement et son pointage r\u00e9alis\u00e9 par des b\u00e9n\u00e9voles (et leurs encouragements) en font une aventure \u00e0 part.....","breadcrumb":{"@id":"https:\/\/24heuresdepeynier.com\/index.php\/course-des-minots-les-24-minutes-de-peynier\/#breadcrumb"},"inLanguage":"fr-FR","potentialAction":[{"@type":"ReadAction","target":["https:\/\/24heuresdepeynier.com\/index.php\/course-des-minots-les-24-minutes-de-peynier\/"]}]},{"@type":"ImageObject","inLanguage":"fr-FR","@id":"https:\/\/24heuresdepeynier.com\/index.php\/course-des-minots-les-24-minutes-de-peynier\/#primaryimage","url":"https:\/\/24heuresdepeynier.com\/wp-content\/uploads\/2024\/11\/IMG_2435-scaled.jpeg","contentUrl":"https:\/\/24heuresdepeynier.com\/wp-content\/uploads\/2024\/11\/IMG_2435-scaled.jpeg","width":2560,"height":1920},{"@type":"BreadcrumbList","@id":"https:\/\/24heuresdepeynier.com\/index.php\/course-des-minots-les-24-minutes-de-peynier\/#breadcrumb","itemListElement":[{"@type":"ListItem","position":1,"name":"Accueil","item":"https:\/\/24heuresdepeynier.com\/"},{"@type":"ListItem","position":2,"name":"Course des minots: Les 24 Minutes de Peynier"}]},{"@type":"WebSite","@id":"https:\/\/24heuresdepeynier.com\/#website","url":"https:\/\/24heuresdepeynier.com\/","name":"24 Heures de Peynier","description":"Ti\u00e9 un fada, tu crains d\u00e9gun!","publisher":{"@id":"https:\/\/24heuresdepeynier.com\/#organization"},"potentialAction":[{"@type":"SearchAction","target":{"@type":"EntryPoint","urlTemplate":"https:\/\/24heuresdepeynier.com\/?s={search_term_string}"},"query-input":{"@type":"PropertyValueSpecification","valueRequired":true,"valueName":"search_term_string"}}],"inLanguage":"fr-FR"},{"@type":"Organization","@id":"https:\/\/24heuresdepeynier.com\/#organization","name":"Les Fada De Peynier","url":"https:\/\/24heuresdepeynier.com\/","logo":{"@type":"ImageObject","inLanguage":"fr-FR","@id":"https:\/\/24heuresdepeynier.com\/#\/schema\/logo\/image\/","url":"https:\/\/24heuresdepeynier.com\/wp-content\/uploads\/2025\/11\/cropped-Mini_24HPeynier-1.png","contentUrl":"https:\/\/24heuresdepeynier.com\/wp-content\/uploads\/2025\/11\/cropped-Mini_24HPeynier-1.png","width":512,"height":512,"caption":"Les Fada De Peynier"},"image":{"@id":"https:\/\/24heuresdepeynier.com\/#\/schema\/logo\/image\/"},"sameAs":["https:\/\/www.facebook.com\/24hpeynier","https:\/\/www.instagram.com\/24h6hpeynier"]}]}},"_links":{"self":[{"href":"https:\/\/24heuresdepeynier.com\/index.php\/wp-json\/wp\/v2\/pages\/5623","targetHints":{"allow":["GET"]}}],"collection":[{"href":"https:\/\/24heuresdepeynier.com\/index.php\/wp-json\/wp\/v2\/pages"}],"about":[{"href":"https:\/\/24heuresdepeynier.com\/index.php\/wp-json\/wp\/v2\/types\/page"}],"author":[{"embeddable":true,"href":"https:\/\/24heuresdepeynier.com\/index.php\/wp-json\/wp\/v2\/users\/5"}],"replies":[{"embeddable":true,"href":"https:\/\/24heuresdepeynier.com\/index.php\/wp-json\/wp\/v2\/comments?post=5623"}],"version-history":[{"count":19,"href":"https:\/\/24heuresdepeynier.com\/index.php\/wp-json\/wp\/v2\/pages\/5623\/revisions"}],"predecessor-version":[{"id":5644,"href":"https:\/\/24heuresdepeynier.com\/index.php\/wp-json\/wp\/v2\/pages\/5623\/revisions\/5644"}],"wp:attachment":[{"href":"https:\/\/24heuresdepeynier.com\/index.php\/wp-json\/wp\/v2\/media?parent=5623"}],"curies":[{"name":"wp","href":"https:\/\/api.w.org\/{rel}","templated":true}]}}