{"id":1607,"date":"2022-10-21T15:17:15","date_gmt":"2022-10-21T13:17:15","guid":{"rendered":"https:\/\/marathon-paysdaix.com\/?page_id=1607"},"modified":"2025-11-24T11:21:55","modified_gmt":"2025-11-24T10:21:55","slug":"dition-2022","status":"publish","type":"page","link":"https:\/\/24heuresdepeynier.com\/index.php\/dition-2022\/","title":{"rendered":"Articles de presse"},"content":{"rendered":"\t\t<div data-elementor-type=\"wp-page\" data-elementor-id=\"1607\" class=\"elementor elementor-1607\" data-elementor-post-type=\"page\">\n\t\t\t\t\t\t<section class=\"elementor-section elementor-top-section elementor-element elementor-element-0dc7313 elementor-section-boxed elementor-section-height-default elementor-section-height-default\" data-id=\"0dc7313\" data-element_type=\"section\">\n\t\t\t\t\t\t<div class=\"elementor-container elementor-column-gap-default\">\n\t\t\t\t\t<div class=\"elementor-column elementor-col-100 elementor-top-column elementor-element elementor-element-804fddc\" data-id=\"804fddc\" data-element_type=\"column\">\n\t\t\t<div class=\"elementor-widget-wrap elementor-element-populated\">\n\t\t\t\t\t\t<div class=\"elementor-element elementor-element-f70fb53 elementor-widget elementor-widget-heading\" data-id=\"f70fb53\" data-element_type=\"widget\" data-widget_type=\"heading.default\">\n\t\t\t\t<div class=\"elementor-widget-container\">\n\t\t\t\t\t<h2 class=\"elementor-heading-title elementor-size-default\">Un beau succ\u00e8s pour l'\u00e9dition 2022 des 6 Heures et Marathon du Pays d'Aix<\/h2>\t\t\t\t<\/div>\n\t\t\t\t<\/div>\n\t\t\t\t\t<\/div>\n\t\t<\/div>\n\t\t\t\t\t<\/div>\n\t\t<\/section>\n\t\t\t\t<section class=\"elementor-section elementor-top-section elementor-element elementor-element-753b7ae elementor-section-boxed elementor-section-height-default elementor-section-height-default\" data-id=\"753b7ae\" data-element_type=\"section\">\n\t\t\t\t\t\t<div class=\"elementor-container elementor-column-gap-default\">\n\t\t\t\t\t<div class=\"elementor-column elementor-col-100 elementor-top-column elementor-element elementor-element-346fa72\" data-id=\"346fa72\" data-element_type=\"column\">\n\t\t\t<div class=\"elementor-widget-wrap elementor-element-populated\">\n\t\t\t\t\t\t<div class=\"elementor-element elementor-element-e06c499 elementor-widget elementor-widget-image\" data-id=\"e06c499\" data-element_type=\"widget\" data-widget_type=\"image.default\">\n\t\t\t\t<div class=\"elementor-widget-container\">\n\t\t\t\t\t\t\t\t\t\t\t\t\t\t\t<img fetchpriority=\"high\" decoding=\"async\" width=\"724\" height=\"1024\" src=\"https:\/\/24heuresdepeynier.com\/wp-content\/uploads\/2022\/10\/Article-edition-2022-724x1024.jpg\" class=\"attachment-large size-large wp-image-1609\" alt=\"\" srcset=\"https:\/\/24heuresdepeynier.com\/wp-content\/uploads\/2022\/10\/Article-edition-2022-724x1024.jpg 724w, https:\/\/24heuresdepeynier.com\/wp-content\/uploads\/2022\/10\/Article-edition-2022-212x300.jpg 212w, https:\/\/24heuresdepeynier.com\/wp-content\/uploads\/2022\/10\/Article-edition-2022-768x1087.jpg 768w, https:\/\/24heuresdepeynier.com\/wp-content\/uploads\/2022\/10\/Article-edition-2022.jpg 827w\" sizes=\"(max-width: 724px) 100vw, 724px\" \/>\t\t\t\t\t\t\t\t\t\t\t\t\t\t\t<\/div>\n\t\t\t\t<\/div>\n\t\t\t\t\t<\/div>\n\t\t<\/div>\n\t\t\t\t\t<\/div>\n\t\t<\/section>\n\t\t\t\t<section class=\"elementor-section elementor-top-section elementor-element elementor-element-8bed696 elementor-section-boxed elementor-section-height-default elementor-section-height-default\" data-id=\"8bed696\" data-element_type=\"section\">\n\t\t\t\t\t\t<div class=\"elementor-container elementor-column-gap-default\">\n\t\t\t\t\t<div class=\"elementor-column elementor-col-100 elementor-top-column elementor-element elementor-element-7631703\" data-id=\"7631703\" data-element_type=\"column\">\n\t\t\t<div class=\"elementor-widget-wrap elementor-element-populated\">\n\t\t\t\t\t\t<div class=\"elementor-element elementor-element-6c14d7a elementor-widget elementor-widget-text-editor\" data-id=\"6c14d7a\" data-element_type=\"widget\" data-widget_type=\"text-editor.default\">\n\t\t\t\t<div class=\"elementor-widget-container\">\n\t\t\t\t\t\t\t\t\t<h2>Edition 2023<\/h2>\t\t\t\t\t\t\t\t<\/div>\n\t\t\t\t<\/div>\n\t\t\t\t\t<\/div>\n\t\t<\/div>\n\t\t\t\t\t<\/div>\n\t\t<\/section>\n\t\t\t\t<section class=\"elementor-section elementor-top-section elementor-element elementor-element-28842cf elementor-section-boxed elementor-section-height-default elementor-section-height-default\" data-id=\"28842cf\" data-element_type=\"section\">\n\t\t\t\t\t\t<div class=\"elementor-container elementor-column-gap-default\">\n\t\t\t\t\t<div class=\"elementor-column elementor-col-100 elementor-top-column elementor-element elementor-element-72a1ecc\" data-id=\"72a1ecc\" data-element_type=\"column\">\n\t\t\t<div class=\"elementor-widget-wrap elementor-element-populated\">\n\t\t\t\t\t\t<div class=\"elementor-element elementor-element-619dd56 elementor-widget elementor-widget-image\" data-id=\"619dd56\" data-element_type=\"widget\" data-widget_type=\"image.default\">\n\t\t\t\t<div class=\"elementor-widget-container\">\n\t\t\t\t\t\t\t\t\t\t\t\t\t\t\t\t<a href=\"https:\/\/www.peynier.net\/2023\/04\/13\/marathon-et-6h-du-pays-daix-2023\/\">\n\t\t\t\t\t\t\t<img decoding=\"async\" width=\"1024\" height=\"465\" src=\"https:\/\/24heuresdepeynier.com\/wp-content\/uploads\/2025\/11\/ArticlePeynier2023-1024x465.png\" class=\"attachment-large size-large wp-image-5616\" alt=\"\" srcset=\"https:\/\/24heuresdepeynier.com\/wp-content\/uploads\/2025\/11\/ArticlePeynier2023-1024x465.png 1024w, https:\/\/24heuresdepeynier.com\/wp-content\/uploads\/2025\/11\/ArticlePeynier2023-300x136.png 300w, https:\/\/24heuresdepeynier.com\/wp-content\/uploads\/2025\/11\/ArticlePeynier2023-768x349.png 768w, https:\/\/24heuresdepeynier.com\/wp-content\/uploads\/2025\/11\/ArticlePeynier2023-1536x698.png 1536w, https:\/\/24heuresdepeynier.com\/wp-content\/uploads\/2025\/11\/ArticlePeynier2023-2048x930.png 2048w\" sizes=\"(max-width: 1024px) 100vw, 1024px\" \/>\t\t\t\t\t\t\t\t<\/a>\n\t\t\t\t\t\t\t\t\t\t\t\t\t\t\t<\/div>\n\t\t\t\t<\/div>\n\t\t\t\t\t<\/div>\n\t\t<\/div>\n\t\t\t\t\t<\/div>\n\t\t<\/section>\n\t\t\t\t<section class=\"elementor-section elementor-top-section elementor-element elementor-element-81656dc elementor-section-boxed elementor-section-height-default elementor-section-height-default\" data-id=\"81656dc\" data-element_type=\"section\">\n\t\t\t\t\t\t<div class=\"elementor-container elementor-column-gap-default\">\n\t\t\t\t\t<div class=\"elementor-column elementor-col-100 elementor-top-column elementor-element elementor-element-839e3aa\" data-id=\"839e3aa\" data-element_type=\"column\">\n\t\t\t<div class=\"elementor-widget-wrap elementor-element-populated\">\n\t\t\t\t\t\t<div class=\"elementor-element elementor-element-73b1200 elementor-widget elementor-widget-text-editor\" data-id=\"73b1200\" data-element_type=\"widget\" data-widget_type=\"text-editor.default\">\n\t\t\t\t<div class=\"elementor-widget-container\">\n\t\t\t\t\t\t\t\t\t<h2>Edition 2024<\/h2>\t\t\t\t\t\t\t\t<\/div>\n\t\t\t\t<\/div>\n\t\t\t\t<div class=\"elementor-element elementor-element-e7fb3c7 elementor-widget elementor-widget-image\" data-id=\"e7fb3c7\" data-element_type=\"widget\" data-widget_type=\"image.default\">\n\t\t\t\t<div class=\"elementor-widget-container\">\n\t\t\t\t\t\t\t\t\t\t\t\t\t\t\t\t<a href=\"https:\/\/www.peynier.net\/2024\/05\/25\/10eme-edition-des-24-heures-de-peynier\/\">\n\t\t\t\t\t\t\t<img decoding=\"async\" width=\"1024\" height=\"465\" src=\"https:\/\/24heuresdepeynier.com\/wp-content\/uploads\/2025\/11\/ArticlePeynier2024-1024x465.png\" class=\"attachment-large size-large wp-image-5612\" alt=\"\" srcset=\"https:\/\/24heuresdepeynier.com\/wp-content\/uploads\/2025\/11\/ArticlePeynier2024-1024x465.png 1024w, https:\/\/24heuresdepeynier.com\/wp-content\/uploads\/2025\/11\/ArticlePeynier2024-300x136.png 300w, https:\/\/24heuresdepeynier.com\/wp-content\/uploads\/2025\/11\/ArticlePeynier2024-768x349.png 768w, https:\/\/24heuresdepeynier.com\/wp-content\/uploads\/2025\/11\/ArticlePeynier2024-1536x698.png 1536w, https:\/\/24heuresdepeynier.com\/wp-content\/uploads\/2025\/11\/ArticlePeynier2024-2048x930.png 2048w\" sizes=\"(max-width: 1024px) 100vw, 1024px\" \/>\t\t\t\t\t\t\t\t<\/a>\n\t\t\t\t\t\t\t\t\t\t\t\t\t\t\t<\/div>\n\t\t\t\t<\/div>\n\t\t\t\t\t<\/div>\n\t\t<\/div>\n\t\t\t\t\t<\/div>\n\t\t<\/section>\n\t\t\t\t<section class=\"elementor-section elementor-top-section elementor-element elementor-element-e7f4cae elementor-section-boxed elementor-section-height-default elementor-section-height-default\" data-id=\"e7f4cae\" data-element_type=\"section\">\n\t\t\t\t\t\t<div class=\"elementor-container elementor-column-gap-default\">\n\t\t\t\t\t<div class=\"elementor-column elementor-col-100 elementor-top-column elementor-element elementor-element-778a693\" data-id=\"778a693\" data-element_type=\"column\">\n\t\t\t<div class=\"elementor-widget-wrap elementor-element-populated\">\n\t\t\t\t\t\t<div class=\"elementor-element elementor-element-ff39a83 elementor-widget elementor-widget-text-editor\" data-id=\"ff39a83\" data-element_type=\"widget\" data-widget_type=\"text-editor.default\">\n\t\t\t\t<div class=\"elementor-widget-container\">\n\t\t\t\t\t\t\t\t\t<h2>Edition 2025<\/h2>\t\t\t\t\t\t\t\t<\/div>\n\t\t\t\t<\/div>\n\t\t\t\t\t<\/div>\n\t\t<\/div>\n\t\t\t\t\t<\/div>\n\t\t<\/section>\n\t\t\t\t<section class=\"elementor-section elementor-top-section elementor-element elementor-element-f934c18 elementor-section-boxed elementor-section-height-default elementor-section-height-default\" data-id=\"f934c18\" data-element_type=\"section\">\n\t\t\t\t\t\t<div class=\"elementor-container elementor-column-gap-default\">\n\t\t\t\t\t<div class=\"elementor-column elementor-col-100 elementor-top-column elementor-element elementor-element-b0853f0\" data-id=\"b0853f0\" data-element_type=\"column\">\n\t\t\t<div class=\"elementor-widget-wrap elementor-element-populated\">\n\t\t\t\t\t\t<div class=\"elementor-element elementor-element-918d5a2 elementor-widget elementor-widget-image\" data-id=\"918d5a2\" data-element_type=\"widget\" data-widget_type=\"image.default\">\n\t\t\t\t<div class=\"elementor-widget-container\">\n\t\t\t\t\t\t\t\t\t\t\t\t\t\t\t\t<a href=\"https:\/\/www.peynier.net\/2025\/05\/30\/24h-de-peynier-2025\/\">\n\t\t\t\t\t\t\t<img loading=\"lazy\" decoding=\"async\" width=\"1024\" height=\"464\" src=\"https:\/\/24heuresdepeynier.com\/wp-content\/uploads\/2025\/11\/ArticlePeynier2025-1024x464.png\" class=\"attachment-large size-large wp-image-5608\" alt=\"\" srcset=\"https:\/\/24heuresdepeynier.com\/wp-content\/uploads\/2025\/11\/ArticlePeynier2025-1024x464.png 1024w, https:\/\/24heuresdepeynier.com\/wp-content\/uploads\/2025\/11\/ArticlePeynier2025-300x136.png 300w, https:\/\/24heuresdepeynier.com\/wp-content\/uploads\/2025\/11\/ArticlePeynier2025-768x348.png 768w, https:\/\/24heuresdepeynier.com\/wp-content\/uploads\/2025\/11\/ArticlePeynier2025-1536x697.png 1536w, https:\/\/24heuresdepeynier.com\/wp-content\/uploads\/2025\/11\/ArticlePeynier2025-2048x929.png 2048w\" sizes=\"(max-width: 1024px) 100vw, 1024px\" \/>\t\t\t\t\t\t\t\t<\/a>\n\t\t\t\t\t\t\t\t\t\t\t\t\t\t\t<\/div>\n\t\t\t\t<\/div>\n\t\t\t\t\t<\/div>\n\t\t<\/div>\n\t\t\t\t\t<\/div>\n\t\t<\/section>\n\t\t\t\t<\/div>\n\t\t","protected":false},"excerpt":{"rendered":"<p>Un beau succ\u00e8s pour l&rsquo;\u00e9dition 2022 des 6 Heures et Marathon du Pays d&rsquo;Aix Edition 2023 Edition 2024 Edition 2025<\/p>\n","protected":false},"author":1,"featured_media":0,"parent":0,"menu_order":0,"comment_status":"closed","ping_status":"closed","template":"","meta":{"site-sidebar-layout":"no-sidebar","site-content-layout":"page-builder","ast-site-content-layout":"full-width-container","site-content-style":"unboxed","site-sidebar-style":"unboxed","ast-global-header-display":"","ast-banner-title-visibility":"","ast-main-header-display":"","ast-hfb-above-header-display":"","ast-hfb-below-header-display":"","ast-hfb-mobile-header-display":"","site-post-title":"disabled","ast-breadcrumbs-content":"","ast-featured-img":"disabled","footer-sml-layout":"","theme-transparent-header-meta":"","adv-header-id-meta":"","stick-header-meta":"","header-above-stick-meta":"","header-main-stick-meta":"","header-below-stick-meta":"","astra-migrate-meta-layouts":"set","ast-page-background-enabled":"default","ast-page-background-meta":{"desktop":{"background-color":"var(--ast-global-color-4)","background-image":"","background-repeat":"repeat","background-position":"center center","background-size":"auto","background-attachment":"scroll","background-type":"","background-media":"","overlay-type":"","overlay-color":"","overlay-opacity":"","overlay-gradient":""},"tablet":{"background-color":"","background-image":"","background-repeat":"repeat","background-position":"center center","background-size":"auto","background-attachment":"scroll","background-type":"","background-media":"","overlay-type":"","overlay-color":"","overlay-opacity":"","overlay-gradient":""},"mobile":{"background-color":"","background-image":"","background-repeat":"repeat","background-position":"center center","background-size":"auto","background-attachment":"scroll","background-type":"","background-media":"","overlay-type":"","overlay-color":"","overlay-opacity":"","overlay-gradient":""}},"ast-content-background-meta":{"desktop":{"background-color":"var(--ast-global-color-5)","background-image":"","background-repeat":"repeat","background-position":"center center","background-size":"auto","background-attachment":"scroll","background-type":"","background-media":"","overlay-type":"","overlay-color":"","overlay-opacity":"","overlay-gradient":""},"tablet":{"background-color":"var(--ast-global-color-5)","background-image":"","background-repeat":"repeat","background-position":"center center","background-size":"auto","background-attachment":"scroll","background-type":"","background-media":"","overlay-type":"","overlay-color":"","overlay-opacity":"","overlay-gradient":""},"mobile":{"background-color":"var(--ast-global-color-5)","background-image":"","background-repeat":"repeat","background-position":"center center","background-size":"auto","background-attachment":"scroll","background-type":"","background-media":"","overlay-type":"","overlay-color":"","overlay-opacity":"","overlay-gradient":""}},"_themeisle_gutenberg_block_has_review":false,"footnotes":""},"class_list":["post-1607","page","type-page","status-publish","hentry"],"yoast_head":"<!-- This site is optimized with the Yoast SEO plugin v26.4 - https:\/\/yoast.com\/wordpress\/plugins\/seo\/ -->\n<title>Articles de presse - 24 Heures de Peynier<\/title>\n<meta name=\"description\" content=\"Son parcours nature, son cadre atypique, son ambiance chaleureuse, ses b\u00e9n\u00e9voles survolt\u00e9s font des 24 Heures de Peynier une aventure \u00e0 part\" \/>\n<meta name=\"robots\" content=\"index, follow, max-snippet:-1, max-image-preview:large, max-video-preview:-1\" \/>\n<link rel=\"canonical\" href=\"https:\/\/24heuresdepeynier.com\/index.php\/dition-2022\/\" \/>\n<meta property=\"og:locale\" content=\"fr_FR\" \/>\n<meta property=\"og:type\" content=\"article\" \/>\n<meta property=\"og:title\" content=\"Articles de presse - 24 Heures de Peynier\" \/>\n<meta property=\"og:description\" content=\"Son parcours nature, son cadre atypique, son ambiance chaleureuse, ses b\u00e9n\u00e9voles survolt\u00e9s font des 24 Heures de Peynier une aventure \u00e0 part\" \/>\n<meta property=\"og:url\" content=\"https:\/\/24heuresdepeynier.com\/index.php\/dition-2022\/\" \/>\n<meta property=\"og:site_name\" content=\"24 Heures de Peynier\" \/>\n<meta property=\"article:publisher\" content=\"https:\/\/www.facebook.com\/24hpeynier\" \/>\n<meta property=\"article:modified_time\" content=\"2025-11-24T10:21:55+00:00\" \/>\n<meta property=\"og:image\" content=\"https:\/\/24heuresdepeynier.com\/wp-content\/uploads\/2022\/10\/Article-edition-2022.jpg\" \/>\n\t<meta property=\"og:image:width\" content=\"827\" \/>\n\t<meta property=\"og:image:height\" content=\"1170\" \/>\n\t<meta property=\"og:image:type\" content=\"image\/jpeg\" \/>\n<meta name=\"twitter:card\" content=\"summary_large_image\" \/>\n<meta name=\"twitter:label1\" content=\"Dur\u00e9e de lecture estim\u00e9e\" \/>\n\t<meta name=\"twitter:data1\" content=\"1 minute\" \/>\n<script type=\"application\/ld+json\" class=\"yoast-schema-graph\">{\"@context\":\"https:\/\/schema.org\",\"@graph\":[{\"@type\":\"WebPage\",\"@id\":\"https:\/\/24heuresdepeynier.com\/index.php\/dition-2022\/\",\"url\":\"https:\/\/24heuresdepeynier.com\/index.php\/dition-2022\/\",\"name\":\"Articles de presse - 24 Heures de Peynier\",\"isPartOf\":{\"@id\":\"https:\/\/24heuresdepeynier.com\/#website\"},\"primaryImageOfPage\":{\"@id\":\"https:\/\/24heuresdepeynier.com\/index.php\/dition-2022\/#primaryimage\"},\"image\":{\"@id\":\"https:\/\/24heuresdepeynier.com\/index.php\/dition-2022\/#primaryimage\"},\"thumbnailUrl\":\"https:\/\/24heuresdepeynier.com\/wp-content\/uploads\/2022\/10\/Article-edition-2022-724x1024.jpg\",\"datePublished\":\"2022-10-21T13:17:15+00:00\",\"dateModified\":\"2025-11-24T10:21:55+00:00\",\"description\":\"Son parcours nature, son cadre atypique, son ambiance chaleureuse, ses b\u00e9n\u00e9voles survolt\u00e9s font des 24 Heures de Peynier une aventure \u00e0 part\",\"breadcrumb\":{\"@id\":\"https:\/\/24heuresdepeynier.com\/index.php\/dition-2022\/#breadcrumb\"},\"inLanguage\":\"fr-FR\",\"potentialAction\":[{\"@type\":\"ReadAction\",\"target\":[\"https:\/\/24heuresdepeynier.com\/index.php\/dition-2022\/\"]}]},{\"@type\":\"ImageObject\",\"inLanguage\":\"fr-FR\",\"@id\":\"https:\/\/24heuresdepeynier.com\/index.php\/dition-2022\/#primaryimage\",\"url\":\"https:\/\/24heuresdepeynier.com\/wp-content\/uploads\/2022\/10\/Article-edition-2022.jpg\",\"contentUrl\":\"https:\/\/24heuresdepeynier.com\/wp-content\/uploads\/2022\/10\/Article-edition-2022.jpg\",\"width\":827,\"height\":1170},{\"@type\":\"BreadcrumbList\",\"@id\":\"https:\/\/24heuresdepeynier.com\/index.php\/dition-2022\/#breadcrumb\",\"itemListElement\":[{\"@type\":\"ListItem\",\"position\":1,\"name\":\"Accueil\",\"item\":\"https:\/\/24heuresdepeynier.com\/\"},{\"@type\":\"ListItem\",\"position\":2,\"name\":\"Articles de presse\"}]},{\"@type\":\"WebSite\",\"@id\":\"https:\/\/24heuresdepeynier.com\/#website\",\"url\":\"https:\/\/24heuresdepeynier.com\/\",\"name\":\"24 Heures de Peynier\",\"description\":\"Ti\u00e9 un fada, tu crains d\u00e9gun!\",\"publisher\":{\"@id\":\"https:\/\/24heuresdepeynier.com\/#organization\"},\"potentialAction\":[{\"@type\":\"SearchAction\",\"target\":{\"@type\":\"EntryPoint\",\"urlTemplate\":\"https:\/\/24heuresdepeynier.com\/?s={search_term_string}\"},\"query-input\":{\"@type\":\"PropertyValueSpecification\",\"valueRequired\":true,\"valueName\":\"search_term_string\"}}],\"inLanguage\":\"fr-FR\"},{\"@type\":\"Organization\",\"@id\":\"https:\/\/24heuresdepeynier.com\/#organization\",\"name\":\"Les Fada De Peynier\",\"url\":\"https:\/\/24heuresdepeynier.com\/\",\"logo\":{\"@type\":\"ImageObject\",\"inLanguage\":\"fr-FR\",\"@id\":\"https:\/\/24heuresdepeynier.com\/#\/schema\/logo\/image\/\",\"url\":\"https:\/\/24heuresdepeynier.com\/wp-content\/uploads\/2025\/11\/cropped-Mini_24HPeynier-1.png\",\"contentUrl\":\"https:\/\/24heuresdepeynier.com\/wp-content\/uploads\/2025\/11\/cropped-Mini_24HPeynier-1.png\",\"width\":512,\"height\":512,\"caption\":\"Les Fada De Peynier\"},\"image\":{\"@id\":\"https:\/\/24heuresdepeynier.com\/#\/schema\/logo\/image\/\"},\"sameAs\":[\"https:\/\/www.facebook.com\/24hpeynier\",\"https:\/\/www.instagram.com\/24h6hpeynier\"]}]}<\/script>\n<!-- \/ Yoast SEO plugin. -->","yoast_head_json":{"title":"Articles de presse - 24 Heures de Peynier","description":"Son parcours nature, son cadre atypique, son ambiance chaleureuse, ses b\u00e9n\u00e9voles survolt\u00e9s font des 24 Heures de Peynier une aventure \u00e0 part","robots":{"index":"index","follow":"follow","max-snippet":"max-snippet:-1","max-image-preview":"max-image-preview:large","max-video-preview":"max-video-preview:-1"},"canonical":"https:\/\/24heuresdepeynier.com\/index.php\/dition-2022\/","og_locale":"fr_FR","og_type":"article","og_title":"Articles de presse - 24 Heures de Peynier","og_description":"Son parcours nature, son cadre atypique, son ambiance chaleureuse, ses b\u00e9n\u00e9voles survolt\u00e9s font des 24 Heures de Peynier une aventure \u00e0 part","og_url":"https:\/\/24heuresdepeynier.com\/index.php\/dition-2022\/","og_site_name":"24 Heures de Peynier","article_publisher":"https:\/\/www.facebook.com\/24hpeynier","article_modified_time":"2025-11-24T10:21:55+00:00","og_image":[{"width":827,"height":1170,"url":"https:\/\/24heuresdepeynier.com\/wp-content\/uploads\/2022\/10\/Article-edition-2022.jpg","type":"image\/jpeg"}],"twitter_card":"summary_large_image","twitter_misc":{"Dur\u00e9e de lecture estim\u00e9e":"1 minute"},"schema":{"@context":"https:\/\/schema.org","@graph":[{"@type":"WebPage","@id":"https:\/\/24heuresdepeynier.com\/index.php\/dition-2022\/","url":"https:\/\/24heuresdepeynier.com\/index.php\/dition-2022\/","name":"Articles de presse - 24 Heures de Peynier","isPartOf":{"@id":"https:\/\/24heuresdepeynier.com\/#website"},"primaryImageOfPage":{"@id":"https:\/\/24heuresdepeynier.com\/index.php\/dition-2022\/#primaryimage"},"image":{"@id":"https:\/\/24heuresdepeynier.com\/index.php\/dition-2022\/#primaryimage"},"thumbnailUrl":"https:\/\/24heuresdepeynier.com\/wp-content\/uploads\/2022\/10\/Article-edition-2022-724x1024.jpg","datePublished":"2022-10-21T13:17:15+00:00","dateModified":"2025-11-24T10:21:55+00:00","description":"Son parcours nature, son cadre atypique, son ambiance chaleureuse, ses b\u00e9n\u00e9voles survolt\u00e9s font des 24 Heures de Peynier une aventure \u00e0 part","breadcrumb":{"@id":"https:\/\/24heuresdepeynier.com\/index.php\/dition-2022\/#breadcrumb"},"inLanguage":"fr-FR","potentialAction":[{"@type":"ReadAction","target":["https:\/\/24heuresdepeynier.com\/index.php\/dition-2022\/"]}]},{"@type":"ImageObject","inLanguage":"fr-FR","@id":"https:\/\/24heuresdepeynier.com\/index.php\/dition-2022\/#primaryimage","url":"https:\/\/24heuresdepeynier.com\/wp-content\/uploads\/2022\/10\/Article-edition-2022.jpg","contentUrl":"https:\/\/24heuresdepeynier.com\/wp-content\/uploads\/2022\/10\/Article-edition-2022.jpg","width":827,"height":1170},{"@type":"BreadcrumbList","@id":"https:\/\/24heuresdepeynier.com\/index.php\/dition-2022\/#breadcrumb","itemListElement":[{"@type":"ListItem","position":1,"name":"Accueil","item":"https:\/\/24heuresdepeynier.com\/"},{"@type":"ListItem","position":2,"name":"Articles de presse"}]},{"@type":"WebSite","@id":"https:\/\/24heuresdepeynier.com\/#website","url":"https:\/\/24heuresdepeynier.com\/","name":"24 Heures de Peynier","description":"Ti\u00e9 un fada, tu crains d\u00e9gun!","publisher":{"@id":"https:\/\/24heuresdepeynier.com\/#organization"},"potentialAction":[{"@type":"SearchAction","target":{"@type":"EntryPoint","urlTemplate":"https:\/\/24heuresdepeynier.com\/?s={search_term_string}"},"query-input":{"@type":"PropertyValueSpecification","valueRequired":true,"valueName":"search_term_string"}}],"inLanguage":"fr-FR"},{"@type":"Organization","@id":"https:\/\/24heuresdepeynier.com\/#organization","name":"Les Fada De Peynier","url":"https:\/\/24heuresdepeynier.com\/","logo":{"@type":"ImageObject","inLanguage":"fr-FR","@id":"https:\/\/24heuresdepeynier.com\/#\/schema\/logo\/image\/","url":"https:\/\/24heuresdepeynier.com\/wp-content\/uploads\/2025\/11\/cropped-Mini_24HPeynier-1.png","contentUrl":"https:\/\/24heuresdepeynier.com\/wp-content\/uploads\/2025\/11\/cropped-Mini_24HPeynier-1.png","width":512,"height":512,"caption":"Les Fada De Peynier"},"image":{"@id":"https:\/\/24heuresdepeynier.com\/#\/schema\/logo\/image\/"},"sameAs":["https:\/\/www.facebook.com\/24hpeynier","https:\/\/www.instagram.com\/24h6hpeynier"]}]}},"_links":{"self":[{"href":"https:\/\/24heuresdepeynier.com\/index.php\/wp-json\/wp\/v2\/pages\/1607","targetHints":{"allow":["GET"]}}],"collection":[{"href":"https:\/\/24heuresdepeynier.com\/index.php\/wp-json\/wp\/v2\/pages"}],"about":[{"href":"https:\/\/24heuresdepeynier.com\/index.php\/wp-json\/wp\/v2\/types\/page"}],"author":[{"embeddable":true,"href":"https:\/\/24heuresdepeynier.com\/index.php\/wp-json\/wp\/v2\/users\/1"}],"replies":[{"embeddable":true,"href":"https:\/\/24heuresdepeynier.com\/index.php\/wp-json\/wp\/v2\/comments?post=1607"}],"version-history":[{"count":24,"href":"https:\/\/24heuresdepeynier.com\/index.php\/wp-json\/wp\/v2\/pages\/1607\/revisions"}],"predecessor-version":[{"id":5622,"href":"https:\/\/24heuresdepeynier.com\/index.php\/wp-json\/wp\/v2\/pages\/1607\/revisions\/5622"}],"wp:attachment":[{"href":"https:\/\/24heuresdepeynier.com\/index.php\/wp-json\/wp\/v2\/media?parent=1607"}],"curies":[{"name":"wp","href":"https:\/\/api.w.org\/{rel}","templated":true}]}}